{"id":17,"date":"2017-07-02T12:02:26","date_gmt":"2017-07-02T12:02:26","guid":{"rendered":"http:\/\/handreamade.de\/?page_id=17"},"modified":"2023-01-29T14:35:39","modified_gmt":"2023-01-29T14:35:39","slug":"workshops","status":"publish","type":"page","link":"http:\/\/handreamade.de\/?page_id=17","title":{"rendered":"Workshops in den eigenen R\u00e4umlichkeiten"},"content":{"rendered":"\n<p>Neugierig geworden?<\/p>\n\n\n\n<p>Lust bekommen, etwas selbst auszuprobieren?<\/p>\n\n\n\n<p>Gerne biete ich (derzeit in Abh\u00e4ngigkeit der M\u00f6glichkeiten der jeweils geltenden Corona-Regelungen) verschiedenste Workshops in den eigenen R\u00e4umlichkeiten an.<\/p>\n\n\n\n<h4 class=\"wp-block-heading\"><strong>Workshop-Themen<\/strong><\/h4>\n\n\n\n<p>k\u00f6nnen individuell und nach Absprache vereinbart werden. Sowohl das Ausprobieren hier bereits vorgestellter Ideen oder auch  die Umsetzung eigener W\u00fcnsche sind m\u00f6glich.<\/p>\n\n\n\n<h4 class=\"wp-block-heading\"><strong>Rahmenbedingungen<\/strong>:<\/h4>\n\n\n\n<ul class=\"wp-block-list\"><li>Mindestteilnehmerzahl: 4 Personen.<\/li><li>Teilnehmergeb\u00fchr je nach gew\u00e4hlter Thematik, mindestens jedoch 35,- pro Person (inklusive Material)<\/li><\/ul>\n\n\n\n<h4 class=\"wp-block-heading\"><strong>Anmeldung <\/strong><\/h4>\n\n\n\n<p>Email: <strong>handreamade@gmx.net<\/strong> oder<br>Mobil: <strong>0176 \/ 706 17 377<\/strong> <\/p>\n","protected":false},"excerpt":{"rendered":"<p>Neugierig geworden? Lust bekommen, etwas selbst auszuprobieren? Gerne biete ich (derzeit in Abh\u00e4ngigkeit der M\u00f6glichkeiten der jeweils geltenden Corona-Regelungen) verschiedenste Workshops in den eigenen R\u00e4umlichkeiten an. Workshop-Themen k\u00f6nnen individuell und nach Absprache vereinbart werden. Sowohl das Ausprobieren hier bereits vorgestellter Ideen oder auch die Umsetzung eigener W\u00fcnsche sind m\u00f6glich. Rahmenbedingungen: Mindestteilnehmerzahl: 4 Personen. Teilnehmergeb\u00fchr je <a class=\"more-link\" href=\"http:\/\/handreamade.de\/?page_id=17\">weiterlesen&#8230;<\/a><\/p>\n","protected":false},"author":1,"featured_media":371,"parent":0,"menu_order":4,"comment_status":"closed","ping_status":"closed","template":"","meta":{"footnotes":""},"class_list":["post-17","page","type-page","status-publish","has-post-thumbnail","hentry"],"_links":{"self":[{"href":"http:\/\/handreamade.de\/index.php?rest_route=\/wp\/v2\/pages\/17","targetHints":{"allow":["GET"]}}],"collection":[{"href":"http:\/\/handreamade.de\/index.php?rest_route=\/wp\/v2\/pages"}],"about":[{"href":"http:\/\/handreamade.de\/index.php?rest_route=\/wp\/v2\/types\/page"}],"author":[{"embeddable":true,"href":"http:\/\/handreamade.de\/index.php?rest_route=\/wp\/v2\/users\/1"}],"replies":[{"embeddable":true,"href":"http:\/\/handreamade.de\/index.php?rest_route=%2Fwp%2Fv2%2Fcomments&post=17"}],"version-history":[{"count":31,"href":"http:\/\/handreamade.de\/index.php?rest_route=\/wp\/v2\/pages\/17\/revisions"}],"predecessor-version":[{"id":1016,"href":"http:\/\/handreamade.de\/index.php?rest_route=\/wp\/v2\/pages\/17\/revisions\/1016"}],"wp:featuredmedia":[{"embeddable":true,"href":"http:\/\/handreamade.de\/index.php?rest_route=\/wp\/v2\/media\/371"}],"wp:attachment":[{"href":"http:\/\/handreamade.de\/index.php?rest_route=%2Fwp%2Fv2%2Fmedia&parent=17"}],"curies":[{"name":"wp","href":"https:\/\/api.w.org\/{rel}","templated":true}]}}