{"id":748,"date":"2019-08-22T15:51:36","date_gmt":"2019-08-22T15:51:36","guid":{"rendered":"http:\/\/handreamade.de\/?page_id=748"},"modified":"2023-01-29T14:17:28","modified_gmt":"2023-01-29T14:17:28","slug":"landkreis-oldenburg","status":"publish","type":"page","link":"http:\/\/handreamade.de\/?page_id=748","title":{"rendered":"Landkreis Oldenburg"},"content":{"rendered":"\n<h3 class=\"wp-block-heading\">Jugendpflege Wildeshausen<\/h3>\n\n\n\n<p>Die Planungen f\u00fcr die Zusammenarbeit mit dem Landkreis Wildeshausen hinsichtlich der Durchf\u00fchrung von Fortbildungen f\u00fcr Jugendleitern mit Jugendleiter-Card (JuLeiCa) laufen weiter, auch wenn sie durch die Corona-Pandemie zwischenzeitlich etwas ins stocken geraten sind..<\/p>\n\n\n\n<p>Derzeit werden R\u00e4umlichkeiten ausfindig gemacht, in denen die Fortbildungen stattfinden k\u00f6nnen, au\u00dferdem m\u00fcssen noch neue Termine gefunden werden. F\u00fcr alle, die sehnlichst auf JuLeiCa-Fortbildungen warten: Habt Geduld, Ihr seid nicht vergessen!<\/p>\n\n\n\n<p>Geplant ist, Anregungen f\u00fcr interessante Jugendangebote zu geben, damit die Jugendarbeit f\u00fcr Jugendliche wieder interessanter wird.<\/p>\n\n\n\n<p>Nat\u00fcrlich werden in den Fortbildungen auch aktuelle Themen behandelt werden. Ideen w\u00e4ren beispielsweise:<\/p>\n\n\n\n<ul class=\"wp-block-list\"><li>Jugend und Digitalisierung<\/li><li>Partizipation, Teilhabe, Wertsch\u00e4tzung<\/li><li>Klimaschutz<\/li><li>Gender und Diversit\u00e4t<\/li><li>rechtliche Fragen in der Jugendarbeit<\/li><\/ul>\n\n\n\n<p>Gerne nehme ich weitere Anregungen f\u00fcr JuLeiCa-Fortbildungsthemen entgegen.<\/p>\n","protected":false},"excerpt":{"rendered":"<p>Jugendpflege Wildeshausen Die Planungen f\u00fcr die Zusammenarbeit mit dem Landkreis Wildeshausen hinsichtlich der Durchf\u00fchrung von Fortbildungen f\u00fcr Jugendleitern mit Jugendleiter-Card (JuLeiCa) laufen weiter, auch wenn sie durch die Corona-Pandemie zwischenzeitlich etwas ins stocken geraten sind.. Derzeit werden R\u00e4umlichkeiten ausfindig gemacht, in denen die Fortbildungen stattfinden k\u00f6nnen, au\u00dferdem m\u00fcssen noch neue Termine gefunden werden. F\u00fcr alle, <a class=\"more-link\" href=\"http:\/\/handreamade.de\/?page_id=748\">weiterlesen&#8230;<\/a><\/p>\n","protected":false},"author":1,"featured_media":0,"parent":636,"menu_order":3,"comment_status":"closed","ping_status":"closed","template":"","meta":{"footnotes":""},"class_list":["post-748","page","type-page","status-publish","hentry"],"_links":{"self":[{"href":"http:\/\/handreamade.de\/index.php?rest_route=\/wp\/v2\/pages\/748","targetHints":{"allow":["GET"]}}],"collection":[{"href":"http:\/\/handreamade.de\/index.php?rest_route=\/wp\/v2\/pages"}],"about":[{"href":"http:\/\/handreamade.de\/index.php?rest_route=\/wp\/v2\/types\/page"}],"author":[{"embeddable":true,"href":"http:\/\/handreamade.de\/index.php?rest_route=\/wp\/v2\/users\/1"}],"replies":[{"embeddable":true,"href":"http:\/\/handreamade.de\/index.php?rest_route=%2Fwp%2Fv2%2Fcomments&post=748"}],"version-history":[{"count":4,"href":"http:\/\/handreamade.de\/index.php?rest_route=\/wp\/v2\/pages\/748\/revisions"}],"predecessor-version":[{"id":1039,"href":"http:\/\/handreamade.de\/index.php?rest_route=\/wp\/v2\/pages\/748\/revisions\/1039"}],"up":[{"embeddable":true,"href":"http:\/\/handreamade.de\/index.php?rest_route=\/wp\/v2\/pages\/636"}],"wp:attachment":[{"href":"http:\/\/handreamade.de\/index.php?rest_route=%2Fwp%2Fv2%2Fmedia&parent=748"}],"curies":[{"name":"wp","href":"https:\/\/api.w.org\/{rel}","templated":true}]}}